[INFO] cloning repository https://github.com/ScazLab/baby_linguist
[INFO] running `Command { std: "git" "-c" "credential.helper=" "-c" "credential.helper=/workspace/cargo-home/bin/git-credential-null" "clone" "--bare" "https://github.com/ScazLab/baby_linguist" "/workspace/cache/git-repos/https%3A%2F%2Fgithub.com%2FScazLab%2Fbaby_linguist", kill_on_drop: false }`
[INFO] [stderr] Cloning into bare repository '/workspace/cache/git-repos/https%3A%2F%2Fgithub.com%2FScazLab%2Fbaby_linguist'...
[INFO] running `Command { std: "git" "rev-parse" "HEAD", kill_on_drop: false }`
[INFO] [stdout] 8779cb4100591c30152df146ec369c4a93240780
[INFO] checking ScazLab/baby_linguist against try#72f88fc4e9458f89516a0b8b0868f3718aec5b47 for pr-74989
[INFO] running `Command { std: "git" "clone" "/workspace/cache/git-repos/https%3A%2F%2Fgithub.com%2FScazLab%2Fbaby_linguist" "/workspace/builds/worker-1/source", kill_on_drop: false }`
[INFO] [stderr] Cloning into '/workspace/builds/worker-1/source'...
[INFO] [stderr] done.
[INFO] validating manifest of git repo https://github.com/ScazLab/baby_linguist on toolchain 72f88fc4e9458f89516a0b8b0868f3718aec5b47
[INFO] running `Command { std: "/workspace/cargo-home/bin/cargo" "+72f88fc4e9458f89516a0b8b0868f3718aec5b47" "read-manifest" "--manifest-path" "Cargo.toml", kill_on_drop: false }`
[INFO] started tweaking git repo https://github.com/ScazLab/baby_linguist
[INFO] finished tweaking git repo https://github.com/ScazLab/baby_linguist
[INFO] tweaked toml for git repo https://github.com/ScazLab/baby_linguist written to /workspace/builds/worker-1/source/Cargo.toml
[INFO] crate git repo https://github.com/ScazLab/baby_linguist already has a lockfile, it will not be regenerated
[INFO] running `Command { std: "/workspace/cargo-home/bin/cargo" "+72f88fc4e9458f89516a0b8b0868f3718aec5b47" "fetch" "--locked" "--manifest-path" "Cargo.toml", kill_on_drop: false }`
[INFO] [stderr]  Downloading crates ...
[INFO] [stderr]   Downloaded core-graphics v0.3.2
[INFO] [stderr]   Downloaded linked-hash-map v0.0.10
[INFO] [stderr]   Downloaded cocoa v0.3.3
[INFO] [stderr]   Downloaded petgraph v0.2.9
[INFO] [stderr]   Downloaded gcc v0.3.50
[INFO] [stderr]   Downloaded bitflags v0.3.3
[INFO] [stderr]   Downloaded daggy v0.4.1
[INFO] [stderr]   Downloaded rusttype v0.2.1
[INFO] [stderr]   Downloaded rayon-core v1.0.2
[INFO] [stderr]   Downloaded tempfile v2.1.5
[INFO] [stderr]   Downloaded cgl v0.1.5
[INFO] [stderr]   Downloaded gleam v0.2.32
[INFO] [stderr]   Downloaded android_glue v0.2.2
[INFO] [stderr]   Downloaded gl_generator v0.5.3
[INFO] [stderr]   Downloaded cocoa v0.5.2
[INFO] [stderr]   Downloaded fixedbitset v0.1.6
[INFO] [stderr]   Downloaded wayland-scanner v0.7.8
[INFO] [stderr]   Downloaded wayland-sys v0.7.8
[INFO] [stderr]   Downloaded backtrace-sys v0.1.11
[INFO] [stderr]   Downloaded glium v0.16.0
[INFO] [stderr]   Downloaded winit v0.5.11
[INFO] [stderr]   Downloaded wayland-kbd v0.6.3
[INFO] [stderr]   Downloaded core-graphics v0.4.2
[INFO] [stderr]   Downloaded shared_library v0.1.5
[INFO] [stderr]   Downloaded wayland-client v0.7.8
[INFO] [stderr]   Downloaded wayland-window v0.4.4
[INFO] [stderr]   Downloaded num-bigint v0.1.39
[INFO] [stderr]   Downloaded num-complex v0.1.38
[INFO] [stderr]   Downloaded glutin v0.7.4
[INFO] [stderr]   Downloaded pistoncore-input v0.18.0
[INFO] [stderr]   Downloaded arrayvec v0.3.23
[INFO] [stderr]   Downloaded rustfft v2.0.0
[INFO] [stderr]   Downloaded rscam v0.5.3
[INFO] [stderr]   Downloaded conrod v0.52.0
[INFO] running `Command { std: "docker" "create" "-v" "/var/lib/crater-agent-workspace/builds/worker-1/target:/opt/rustwide/target:rw,Z" "-v" "/var/lib/crater-agent-workspace/builds/worker-1/source:/opt/rustwide/workdir:ro,Z" "-v" "/var/lib/crater-agent-workspace/cargo-home:/opt/rustwide/cargo-home:ro,Z" "-v" "/var/lib/crater-agent-workspace/rustup-home:/opt/rustwide/rustup-home:ro,Z" "-e" "SOURCE_DIR=/opt/rustwide/workdir" "-e" "CARGO_TARGET_DIR=/opt/rustwide/target" "-e" "CARGO_HOME=/opt/rustwide/cargo-home" "-e" "RUSTUP_HOME=/opt/rustwide/rustup-home" "-w" "/opt/rustwide/workdir" "-m" "1610612736" "--user" "0:0" "--network" "none" "rustops/crates-build-env@sha256:d92eaeed33fa75130ca1ee6c8a01d1ffb62bac859dfdfb3450e3e5d1c0146529" "/opt/rustwide/cargo-home/bin/cargo" "+72f88fc4e9458f89516a0b8b0868f3718aec5b47" "metadata" "--no-deps" "--format-version=1", kill_on_drop: false }`
[INFO] [stdout] 3ba60ab8b5855afcb76432a5723a349b6e9f76a85822028f7bd88191bad434bc
[INFO] [stderr] WARNING: Your kernel does not support swap limit capabilities or the cgroup is not mounted. Memory limited without swap.
[INFO] running `Command { std: "docker" "start" "-a" "3ba60ab8b5855afcb76432a5723a349b6e9f76a85822028f7bd88191bad434bc", kill_on_drop: false }`
[INFO] running `Command { std: "docker" "inspect" "3ba60ab8b5855afcb76432a5723a349b6e9f76a85822028f7bd88191bad434bc", kill_on_drop: false }`
[INFO] running `Command { std: "docker" "rm" "-f" "3ba60ab8b5855afcb76432a5723a349b6e9f76a85822028f7bd88191bad434bc", kill_on_drop: false }`
[INFO] [stdout] 3ba60ab8b5855afcb76432a5723a349b6e9f76a85822028f7bd88191bad434bc
[INFO] running `Command { std: "docker" "create" "-v" "/var/lib/crater-agent-workspace/builds/worker-1/target:/opt/rustwide/target:rw,Z" "-v" "/var/lib/crater-agent-workspace/builds/worker-1/source:/opt/rustwide/workdir:ro,Z" "-v" "/var/lib/crater-agent-workspace/cargo-home:/opt/rustwide/cargo-home:ro,Z" "-v" "/var/lib/crater-agent-workspace/rustup-home:/opt/rustwide/rustup-home:ro,Z" "-e" "SOURCE_DIR=/opt/rustwide/workdir" "-e" "CARGO_TARGET_DIR=/opt/rustwide/target" "-e" "CARGO_INCREMENTAL=0" "-e" "RUST_BACKTRACE=full" "-e" "RUSTFLAGS=--cap-lints=forbid" "-e" "CARGO_HOME=/opt/rustwide/cargo-home" "-e" "RUSTUP_HOME=/opt/rustwide/rustup-home" "-w" "/opt/rustwide/workdir" "-m" "1610612736" "--user" "0:0" "--network" "none" "rustops/crates-build-env@sha256:d92eaeed33fa75130ca1ee6c8a01d1ffb62bac859dfdfb3450e3e5d1c0146529" "/opt/rustwide/cargo-home/bin/cargo" "+72f88fc4e9458f89516a0b8b0868f3718aec5b47" "check" "--frozen" "--all" "--all-targets" "--message-format=json", kill_on_drop: false }`
[INFO] [stdout] aee01c7d4a48a9065794db872db00cd6412d12b744186603be0dde09d88fae74
[INFO] [stderr] WARNING: Your kernel does not support swap limit capabilities or the cgroup is not mounted. Memory limited without swap.
[INFO] running `Command { std: "docker" "start" "-a" "aee01c7d4a48a9065794db872db00cd6412d12b744186603be0dde09d88fae74", kill_on_drop: false }`
[INFO] [stderr]     Checking libc v0.2.23
[INFO] [stderr]     Checking lazy_static v0.2.8
[INFO] [stderr]    Compiling bitflags v0.7.0
[INFO] [stderr]    Compiling winapi-build v0.1.1
[INFO] [stderr]    Compiling itoa v0.3.1
[INFO] [stderr]    Compiling num-traits v0.1.39
[INFO] [stderr]    Compiling dtoa v0.4.1
[INFO] [stderr]    Compiling serde v0.9.15
[INFO] [stderr]     Checking winapi v0.2.8
[INFO] [stderr]     Checking byteorder v1.0.0
[INFO] [stderr]    Compiling khronos_api v1.0.1
[INFO] [stderr]     Checking rustc-serialize v0.3.24
[INFO] [stderr]    Compiling pkg-config v0.3.9
[INFO] [stderr]    Compiling gcc v0.3.50
[INFO] [stderr]    Compiling rayon-core v1.0.2
[INFO] [stderr]     Checking odds v0.2.25
[INFO] [stderr]     Checking deque v0.3.2
[INFO] [stderr]     Checking fixedbitset v0.1.6
[INFO] [stderr]     Checking cfg-if v0.1.1
[INFO] [stderr]     Checking piston-float v0.3.0
[INFO] [stderr]     Checking adler32 v1.0.0
[INFO] [stderr]     Checking rustc-demangle v0.1.4
[INFO] [stderr]     Checking byteorder v0.4.2
[INFO] [stderr]     Checking smallvec v0.1.8
[INFO] [stderr]     Checking fnv v1.0.5
[INFO] [stderr]     Checking bitflags v0.9.1
[INFO] [stderr]     Checking inflate v0.2.0
[INFO] [stderr]     Checking lzw v0.10.0
[INFO] [stderr]     Checking color_quant v1.0.0
[INFO] [stderr]     Checking bitflags v0.8.2
[INFO] [stderr]     Checking linked-hash-map v0.0.10
[INFO] [stderr]     Checking scoped_threadpool v0.1.7
[INFO] [stderr]     Checking glob v0.2.11
[INFO] [stderr]     Checking find_folder v0.3.0
[INFO] [stderr]    Compiling phf_shared v0.7.21
[INFO] [stderr]    Compiling xml-rs v0.3.6
[INFO] [stderr]    Compiling kernel32-sys v0.2.2
[INFO] [stderr]    Compiling dbghelp-sys v0.2.0
[INFO] [stderr]     Checking piston-viewport v0.3.0
[INFO] [stderr]     Checking petgraph v0.2.9
[INFO] [stderr]     Checking deflate v0.7.11
[INFO] [stderr]    Compiling rand v0.3.15
[INFO] [stderr]     Checking stb_truetype v0.2.1
[INFO] [stderr]     Checking shared_library v0.1.5
[INFO] [stderr]     Checking num_cpus v1.5.1
[INFO] [stderr]     Checking time v0.1.37
[INFO] [stderr]     Checking rscam v0.5.3
[INFO] [stderr]     Checking nodrop v0.1.9
[INFO] [stderr]    Compiling tempfile v2.1.5
[INFO] [stderr]     Checking gif v0.9.2
[INFO] [stderr]     Checking num-integer v0.1.34
[INFO] [stderr]     Checking enum_primitive v0.1.1
[INFO] [stderr]    Compiling phf v0.7.21
[INFO] [stderr]    Compiling x11-dl v2.14.0
[INFO] [stdout] error[E0034]: multiple applicable items in scope
[INFO] [stdout]    --> /opt/rustwide/cargo-home/registry/src/github.com-1ecc6299db9ec823/petgraph-0.2.9/src/graph.rs:421:21
[INFO] [stdout]     |
[INFO] [stdout] 421 |         assert!(Ix::max().index() == !0 || NodeIndex::end() != node_idx);
[INFO] [stdout]     |                     ^^^ multiple `max` found
[INFO] [stdout]     |
[INFO] [stdout] note: candidate #1 is defined in the trait `IndexType`
[INFO] [stdout]    --> /opt/rustwide/cargo-home/registry/src/github.com-1ecc6299db9ec823/petgraph-0.2.9/src/graph.rs:31:5
[INFO] [stdout]     |
[INFO] [stdout] 31  |     fn max() -> Self;
[INFO] [stdout]     |     ^^^^^^^^^^^^^^^^^
[INFO] [stdout] note: candidate #2 is defined in the trait `Ord`
[INFO] [stdout] help: disambiguate the associated function for candidate #1
[INFO] [stdout]     |
[INFO] [stdout] 421 |         assert!(IndexType::max().index() == !0 || NodeIndex::end() != node_idx);
[INFO] [stdout]     |                 ^^^^^^^^^^^^^^
[INFO] [stdout] help: disambiguate the associated function for candidate #2
[INFO] [stdout]     |
[INFO] [stdout] 421 |         assert!(Ord::max().index() == !0 || NodeIndex::end() != node_idx);
[INFO] [stdout]     |                 ^^^^^^^^
[INFO] [stdout] 
[INFO] [stdout] 
[INFO] [stdout] error[E0308]: mismatched types
[INFO] [stdout]    --> /opt/rustwide/cargo-home/registry/src/github.com-1ecc6299db9ec823/petgraph-0.2.9/src/graph.rs:421:38
[INFO] [stdout]     |
[INFO] [stdout] 374 | impl<N, E, Ty, Ix> Graph<N, E, Ty, Ix>
[INFO] [stdout]     |                -- this type parameter
[INFO] [stdout] ...
[INFO] [stdout] 421 |         assert!(Ix::max().index() == !0 || NodeIndex::end() != node_idx);
[INFO] [stdout]     |                                      ^^ expected type parameter `Ix`, found integer
[INFO] [stdout]     |
[INFO] [stdout]     = note: expected type parameter `Ix`
[INFO] [stdout]                          found type `{integer}`
[INFO] [stdout] 
[INFO] [stdout] 
[INFO] [stdout] error[E0034]: multiple applicable items in scope
[INFO] [stdout]    --> /opt/rustwide/cargo-home/registry/src/github.com-1ecc6299db9ec823/petgraph-0.2.9/src/graph.rs:458:21
[INFO] [stdout]     |
[INFO] [stdout] 458 |         assert!(Ix::max().index() == !0 || EdgeIndex::end() != edge_idx);
[INFO] [stdout]     |                     ^^^ multiple `max` found
[INFO] [stdout]     |
[INFO] [stdout] note: candidate #1 is defined in the trait `IndexType`
[INFO] [stdout]    --> /opt/rustwide/cargo-home/registry/src/github.com-1ecc6299db9ec823/petgraph-0.2.9/src/graph.rs:31:5
[INFO] [stdout]     |
[INFO] [stdout] 31  |     fn max() -> Self;
[INFO] [stdout]     |     ^^^^^^^^^^^^^^^^^
[INFO] [stdout] note: candidate #2 is defined in the trait `Ord`
[INFO] [stdout] help: disambiguate the associated function for candidate #1
[INFO] [stdout]     |
[INFO] [stdout] 458 |         assert!(IndexType::max().index() == !0 || EdgeIndex::end() != edge_idx);
[INFO] [stdout]     |                 ^^^^^^^^^^^^^^
[INFO] [stdout] help: disambiguate the associated function for candidate #2
[INFO] [stdout]     |
[INFO] [stdout] 458 |         assert!(Ord::max().index() == !0 || EdgeIndex::end() != edge_idx);
[INFO] [stdout]     |                 ^^^^^^^^
[INFO] [stdout] 
[INFO] [stdout] 
[INFO] [stdout] error[E0308]: mismatched types
[INFO] [stdout]    --> /opt/rustwide/cargo-home/registry/src/github.com-1ecc6299db9ec823/petgraph-0.2.9/src/graph.rs:458:38
[INFO] [stdout]     |
[INFO] [stdout] 374 | impl<N, E, Ty, Ix> Graph<N, E, Ty, Ix>
[INFO] [stdout]     |                -- this type parameter
[INFO] [stdout] ...
[INFO] [stdout] 458 |         assert!(Ix::max().index() == !0 || EdgeIndex::end() != edge_idx);
[INFO] [stdout]     |                                      ^^ expected type parameter `Ix`, found integer
[INFO] [stdout]     |
[INFO] [stdout]     = note: expected type parameter `Ix`
[INFO] [stdout]                          found type `{integer}`
[INFO] [stdout] 
[INFO] [stdout] 
[INFO] [stderr]     Checking osmesa-sys v0.1.2
[INFO] [stderr]     Checking arrayvec v0.3.23
[INFO] [stderr]    Compiling backtrace v0.2.3
[INFO] [stderr]     Checking num-iter v0.1.33
[INFO] [stdout] error: aborting due to 4 previous errors
[INFO] [stdout] 
[INFO] [stdout] 
[INFO] [stdout] Some errors have detailed explanations: E0034, E0308.
[INFO] [stdout] 
[INFO] [stdout] For more information about an error, try `rustc --explain E0034`.
[INFO] [stdout] 
[INFO] [stderr] error: could not compile `petgraph`.
[INFO] [stderr] 
[INFO] [stderr] To learn more, run the command again with --verbose.
[INFO] [stderr] warning: build failed, waiting for other jobs to finish...
[INFO] [stderr] error: build failed
[INFO] running `Command { std: "docker" "inspect" "aee01c7d4a48a9065794db872db00cd6412d12b744186603be0dde09d88fae74", kill_on_drop: false }`
[INFO] running `Command { std: "docker" "rm" "-f" "aee01c7d4a48a9065794db872db00cd6412d12b744186603be0dde09d88fae74", kill_on_drop: false }`
[INFO] [stdout] aee01c7d4a48a9065794db872db00cd6412d12b744186603be0dde09d88fae74
